hen 219 is divided by 12?
3
What is the remainder when 42 is divided by 15?
12
Calculate the remainder when 174 is divided by 22.
20
Calculate the remainder when 290 is divided by 84.
38
Calculate the remainder when 273 is divided by 86.
15
What is the remainder when 379 is divided by 44?
27
What is the remainder when 406 is divided by 24?
22
What is the remainder when 3851 is divided by 18?
17
What is the remainder when 101 is divided by 80?
21
What is the remainder when 472 is divided by 39?
4
Calculate the remainder when 333 is divided by 67.
65
What is the remainder when 783 is divided by 59?
16
Calculate the remainder when 265 is divided by 21.
13
Calculate the remainder when 166 is divided by 143.
23
What is the remainder when 2848 is divided by 50?
48
What is the remainder when 2015 is divided by 499?
19
Calculate the remainder when 520 is divided by 178.
164
What is the remainder when 347 is divided by 171?
5
Calculate the remainder when 119 is divided by 66.
53
Calculate the remainder when 63 is divided by 36.
27
Calculate the remainder when 265 is divided by 110.
45
What is the remainder when 1519 is divided by 482?
73
What is the remainder when 2177 is divided by 3?
2
What is the remainder when 15560 is divided by 79?
76
What is the remainder when 283 is divided by 24?
19
Calculate the remainder when 4586 is divided by 139.
138
What is the remainder when 18919 is divided by 215?
214
Calculate the remainder when 3156 is divided by 117.
114
Calculate the remainder when 146 is divided by 50.
46
What is the remainder when 983 is divided by 76?
71
What is the remainder when 394 is divided by 3?
1
What is the remainder when 1344 is divided by 3?
0
What is the remainder when 440 is divided by 56?
48
What is the remainder when 6133 is divided by 875?
8
What is the remainder when 232 is divided by 22?
12
Calculate the remainder when 6814 is divided by 24.
22
Calculate the remainder when 1046 is divided by 175.
171
Calculate the remainder when 329 is divided by 66.
65
Calculate the remainder when 63 is divided by 11.
8
Calculate the remainder when 1805 is divided by 181.
176
What is the remainder when 258 is divided by 122?
14
What is the remainder when 5095 is divided by 28?
27
Calculate the remainder when 9282 is divided by 4639.
4
Calculate the remainder when 399 is divided by 213.
186
Calculate the remainder when 271 is divided by 20.
11
Calculate the remainder when 200 is divided by 45.
20
What is the remainder when 7291 is divided by 39?
37
What is the remainder when 803 is divided by 18?
11
What is the remainder when 201 is divided by 108?
93
What is the remainder when 278 is divided by 28?
26
Calculate the remainder when 187 is divided by 5.
2
What is the remainder when 663 is divided by 74?
71
Calculate the remainder when 138 is divided by 48.
42
Calculate the remainder when 198 is divided by 131.
67
What is the remainder when 103 is divided by 4?
3
What is the remainder when 481 is divided by 81?
76
Calculate the remainder when 69 is divided by 18.
15
Calculate the remainder when 630 is divided by 58.
50
What is the remainder when 832 is divided by 12?
4
What is the remainder when 665 is divided by 222?
221
What is the remainder when 299 is divided by 66?
35
Calculate the remainder when 25 is divided by 21.
4
What is the remainder when 115 is divided by 50?
15
Calculate the remainder when 1079 is divided by 8.
7
Calculate the remainder when 471 is divided by 225.
21
What is the remainder when 341 is divided by 177?
164
What is the remainder when 2738 is divided by 49?
43
What is the remainder when 157 is divided by 41?
34
Calculate the remainder when 613 is divided by 121.
8
Calculate the remainder when 188 is divided by 32.
28
Calculate the remainder when 725 is divided by 147.
137
What is the remainder when 372 is divided by 13?
8
Calculate the remainder when 683 is divided by 77.
67
Calculate the remainder when 75 is divided by 64.
11
What is the remainder when 2145 is divided by 29?
28
What is the remainder when 3919 is divided by 51?
43
Calculate the remainder when 80 is divided by 14.
10
What is the remainder when 514 is divided by 88?
74
Calculate the remainder when 27 is divided by 9.
0
What is the remainder when 254 is divided by 16?
14
What is the remainder when 2478 is divided by 37?
36
What is the remainder when 1918 is divided by 5?
3
Calculate the remainder when 1081 is divided by 1.
0
What is the remainder when 342 is divided by 90?
72
What is the remainder when 92 is divided by 29?
5
What is the remainder when 10232 is divided by 23?
20
What is the remainder when 13117 is divided by 14?
13
Calculate the remainder when 2639 is divided by 8.
7
Calculate the remainder when 38147 is divided by 33.
32
Calculate the remainder when 595 is divided by 77.
56
Calculate the remainder when 16289 is divided by 10.
9
Calculate the remainder when 389 is divided by 28.
25
What is the remainder when 185 is divided by 12?
5
What is the remainder when 247 is divided by 64?
55
What is the remainder when 88 is divided by 26?
10
Calculate the remainder when 4022 is divided by 1329.
35
Calculate the remainder when 736 is divided by 37.
33
Calculate the remainder when 2467 is divided by 70.
17
Calculate the remainder when 37 is divided by 11.
4
Calculate the remainder when 862 is divided by 15.
7
Calculate the remainder when 192 is divided by 59.
15
What is the remainder when 5156 is divided by 147?
11
What is the remainder when 105 is divided by 28?
21
Calculate the remainder when 349 is divided by 345.
4
Calculate the remainder when 80 is divided by 41.
39
What is the remainder when 1462 is divided by 61?
59
Calculate the remainder when 424 is divided by 236.
188
Calculate the remainder when 785 is divided by 136.
105
What is the remainder when 6665 is divided by 171?
167
What is the remainder when 548 is divided by 61?
60
What is the remainder when 1940 is divided by 243?
239
Calculate the remainder when 273 is divided by 40.
33
What is the remainder when 60 is divided by 38?
22
Calculate the remainder when 3725 is divided by 233.
230
What is the remainder when 572 is divided by 556?
16
What is the remainder when 1328 is divided by 121?
118
Calculate the remainder when 103 is divided by 27.
22
What is the remainder when 150 is divided by 20?
10
Calculate the remainder when 313 is divided by 156.
1
What is the remainder when 426 is divided by 33?
30
Calculate the remainder when 84 is divided by 17.
16
What is the remainder when 3666 is divided by 131?
129
Calculate the remainder when 13520 is divided by 46.
42
Calculate the remainder when 514 is divided by 178.
158
What is the remainder when 143 is divided by 29?
27
What is the remainder when 79 is divided by 10?
9
Calculate the remainder when 189 is divided by 26.
7
Calculate the remainder when 507 is divided by 10.
7
Calculate the remainder when 139 is divided by 47.
45
Calculate the remainder when 485 is divided by 165.
155
What is the remainder when 40 is divided by 11?
7
Calculate the remainder when 2429 is divided by 21.
14
Calculate the remainder when 62 is divided by 8.
6
Calculate the remainder when 437 is divided by 63.
59
Calculate the remainder when 73 is divided by 58.
15
Calculate the remainder when 58 is divided by 30.
28
What is the remainder when 919 is divided by 8?
7
Calculate the remainder when 126 is divided by 67.
59
Calculate the remainder when 269 is divided by 13.
9
Calculate the remainder when 311 is divided by 8.
7
What is the remainder when 461 is divided by 92?
1
Calculate the remainder when 174 is divided by 96.
78
Calculate the remainder when 109 is divided by 24.
13
What is the remainder when 3791 is divided by 48?
47
Calculate the remainder when 84 is divided by 46.
38
What is the remainder when 1549 is divided by 33?
31
What is the remainder when 76 is divided by 5?
1
Calculate the remainder when 1885 is divided by 41.
40
Calculate the remainder when 59 is divided by 16.
11
What is the remainder when 268 is divided by 34?
30
What is the remainder when 97 is divided by 6?
1
Calculate the remainder when 254 is divided by 32.
30
Calculate the remainder when 208 is divided by 199.
9
Calculate the remainder when 116 is divided by 17.
14
Calculate the rema